37) a composite number?
False
Suppose u + 5*x = 15, -2*x = -6 - 0. Let v be u + (0 - 0) + 2. Suppose v*b + 3 = 29. Is b composite?
False
Let t(c) = -c**3 + 9*c**2 + 3*c - 3. Is t(8) composite?
True
Let z be -3*(-3)/9*-61. Let j = z - -120. Is j a prime number?
True
Let b(s) = -s**2 + 10*s - 12. Let k be b(10). Is (-2117)/(-9) - k/(-54) a composite number?
True
Let b(j) = -j**2 - 8*j + 11. Let t be b(-9). Suppose 206 = t*q - 0*q. Is q a composite number?
False
Let l = 17 - 12. Let k be 89 + (-5)/(l/3). Is k/(-1 + (1 - -2)) prime?
True
Suppose 0 = -4*j + j + 12. Suppose 3*s + j = 5*s. Is s/(-9) - 1437/(-27) prime?
True
Let t(i) be the second derivative of i**4/6 + i**3/2 + 6*i**2 + 6*i. Is t(-7) composite?
False
Suppose -4 = 5*x + 6. Let r be 1 + (2 - (2 + x)). Is (r - 2)/((-1)/(-53)) a prime number?
True
Is 3 - (6 + -2 - 115*6) composite?
True
Let k be 16/(-6)*6/(-4). Let m(h) be the first derivative of h**4/2 - 4*h**3/3 + h**2/2 - 3*h - 4. Is m(k) composite?
True
Let g = 122 - -423. Is g a composite number?
True
Let m(q) = q**3 + 10*q**2 + 4*q - 3. Let h be -8*(3 - 15/6). Is m(h) composite?
True
Let l(b) = b - 13. Let t be l(9). Let p = 75 - t. Is p prime?
True
Suppose 3*b = -2 + 11. Suppose 2*w - 56 = -j, 5*j = -b*w + j + 94. Is w a composite number?
True
Is ((-12)/(-7))/((-9)/(-189)) + 1 composite?
False
Suppose -10*l + 7*l = -555. Is l a composite number?
True
Let o(v) = 6*v**2 - 2*v - 3. Let j(u) = u**3 + u**2. Let p(c) = -6*j(c) + o(c). Let z(i) = -i + 2. Let w be z(4). Is p(w) prime?
False
Let i = -2 + 1. Let t be 2 - (2 + i) - 28. Let d = t + 46. Is d prime?
True
Suppose 0*j = 2*j. Suppose j = 4*h - 2*h - 6, 0 = 5*f + h - 278. Is f prime?
False
Suppose -12 = -2*v + 3*n, -v + n + 16 = v. Let a(o) = -o + 12. Let i be a(v). Suppose q - 3*u - 6 = 3, 2*u - 71 = -i*q. Is q prime?
False
Let c(y) = 3*y**3 - 6*y**2 - 13*y + 4. Is c(6) composite?
True
Let i be (-104)/(-12) + 2/6. Let x(t) = -t**3 + 5*t**2 - 4*t + 6. Let a be x(4). Suppose 5*k - a = i. Is k composite?
False
Let c(f) = 3*f**2 + 4*f - 1. Let k = -5 + -1. Let s be ((-3)/k)/((-1)/8). Is c(s) composite?
False
Suppose 4*g + 4*f - 1272 = 0, 640 = 2*g - 9*f + 7*f. Is g composite?
True
Suppose 3 = -x + 5. Suppose 0 - 12 = -x*b. Suppose -b*w + 55 = -w. Is w a composite number?
False
Suppose -4*o - 2 - 2 = -2*y, 3*o + 9 = 3*y. Let i(b) = -35*b - 3. Let r(x) = -139*x - 13. Let c(s) = -9*i(s) + 2*r(s). Is c(y) a prime number?
True
Let f(q) = 3*q - 6. Let g be f(4). Suppose z + 0*z = g. Is (93/z - -2)*2 a composite number?
True
Suppose -325 = -4*q - q - 5*w, 3*q - 2*w = 180. Is 3/(6/q) - 0 prime?
True
Let r = 68 - -12. Let w = 53 + r. Is w a prime number?
False
Let v = -7 - -12. Suppose 0 = v*o - 905 - 50. Is o composite?
False
Suppose h = -3*n + 221, 3*h - 406 = h + 3*n. Suppose 103 = -4*z - h. Is (z/(-9))/(2/3) a composite number?
False
Suppose 3*h - 8 = -4*a + 1, 2*a - 10 = 4*h. Suppose -400 = 2*x + a*x. Let l = x + 123. Is l prime?
True
Let g(a) = -a**2 + 6*a - 5. Let s be g(4). Let p be s/6 - 273/(-2). Let j = -88 + p. Is j composite?
True
Is ((-14)/8)/((-3)/36) composite?
True
Let w(x) = 65*x - 3. Let i be w(-6). Let o = i - -556. Is o a composite number?
False
Suppose -103 - 316 = -m. Is m composite?
False
Let j(i) = i**3 + 5*i**2 + 6*i + 1. Let d be j(-4). Let o = 3 - d. Is o prime?
False
Suppose 5*i - 25 + 590 = 5*n, -4*n = -5*i - 450. Is n a composite number?
True
Let s(g) = 10*g - 23 + 8*g**2 + 16 + 2*g**2. Is s(6) a composite number?
True
Let w(y) = -157*y. Let d be w(1). Is (-2)/((8/d)/4) composite?
False
Suppose 3*t - 2*t = 0. Suppose -g + 3*n + 50 = t, 0 = -3*n + 11 + 4. Is g composite?
True
Suppose -5*a = -2*a - 54. Suppose -3*d = -a - 21. Let m = 23 - d. Is m a composite number?
True
Let l(s) = 722*s**2 - 5*s + 6. Is l(1) prime?
False
Suppose 0 = 2*o - 2*v - 880, 0 = -5*o - 4*v + 5*v + 2212. Is o a composite number?
False
Let t(s) = -5*s**3 - 7*s**2 - 8*s + 1. Let w(p) = -p**3 - p**2 - p + 1. Let o(r) = -t(r) + 6*w(r). Is o(-3) prime?
False
Let k be (-1 - (-9)/6)*82. Suppose 2*i = -3*z + 86, 0 = -i + 2*i + z - k. Is i prime?
True
Let p(w) = 4*w**2 + 10. Let c be p(6). Let z = c + -41. Is z prime?
True
Suppose -5*i + 1051 = o, -i = 4*i + 4*o - 1039. Is i composite?
False
Let v be 860/(-16) + 2/(-8). Let g = -35 - v. Is g prime?
True
Let a = 16 + -79. Let p = a - -122. Is p a prime number?
True
Suppose -5*f = 4 - 84. Suppose -4*n + f = 0, 5*n + 346 + 29 = a. Suppose 7*d = 2*d + a. Is d a prime number?
True
Suppose 2*v + 8 = 3*u, 0 = 3*u - 0*u + 2*v - 16. Suppose -2*b + 210 = -3*a, -u*b + 0*a + 3*a = -432. Is b composite?
True
Suppose 5*u - 200 = -k, -6*u = -4*k - 3*u + 869. Is k prime?
False
Suppose -144 = -l - 0*r - 2*r, 0 = -3*l + 5*r + 388. Let i = l - -13. Is i composite?
False
Suppose 2*f - 3916 = -2*f. Is f prime?
False
Let s(r) be the first derivative of -r**4/4 + 4*r**3 + 15*r**2/2 + 7*r + 2. Is s(11) a composite number?
False
Let l be (-6)/4*(-2)/(-3). Let x(c) = c - 1. Let z(r) = 10*r - 11. Let k(u) = l*z(u) + 4*x(u). Is k(-5) a composite number?
False
Suppose 3*j + 5779 = 4*j - 2*r, -2*r = 0. Is j composite?
False
Suppose 2*z - 146 = -504. Let o = -82 - z. Is o composite?
False
Let h(z) = 7*z**2 - 10*z + 14. Is h(-11) composite?
False
Let k be (-4 - 155)*(-3)/(-3). Is (-2)/((-12)/k)*-2 composite?
False
Let o(u) = -u**2 - 19*u - 15. Is o(-14) a prime number?
False
Let t = -28 - -56. Let d = 29 + t. Is d a prime number?
False
Let i = 28 + 133. Is i a composite number?
True
Suppose 54 = 2*o - 268. Is o prime?
False
Let o(q) = -9*q**3 + 2*q**2 + 4*q + 3. Let b be o(-2). Suppose j - 3*p = p - b, j - 2*p = -75. Is -2 - (0 + j/3) prime?
True
Let m = 558 + 389. Suppose 0 = 4*s - f - m, -3*f + 477 = s + s. Is s composite?
True
Suppose 4*m = -934 + 3098. Is m composite?
False
Suppose -4*c + 3711 = -c + 4*t, -5*c = -3*t - 6214. Is c prime?
False
Let x(m) = m + 12. Let k be x(-7). Suppose -5*j = -4*p + 919, k*p + 0*j = -4*j + 1118. Is p composite?
True
Let g(z) = -13*z. Let x be g(-2). Suppose -j = -4*r + 30, 2*j + j = 3*r - 27. Suppose 2*v = 6*b - 2*b - x, 3*b + v = r. Is b prime?
False
Let f(t) = -11*t + 5. Let q be f(4). Let m = q + 76. Is m a prime number?
True
Suppose 4*d = 3*b - 20, -3*b = -b - d - 15. Let n = -3 + b. Suppose 2*t - 2*c = c + 15, -t = -2*c - n. Is t a prime number?
False
Suppose 8*l - 3867 = 437. Is l a prime number?
False
Let y = 256 - 137. Is y a prime number?
False
Is -2*3/6*-1437 a prime number?
False
Suppose -b = -2*b + 489. Suppose -2*u + 5*c + 13 = 0, -5*u + 5*c + 13 = 3. Is 1/(((-3)/b)/u) composite?
False
Let q(u) = -u**2 - 2*u + 2. Let c be q(-5). Let l = c + 96. Is l a prime number?
True
Let u(b) = -b**2 - 6*b + 4. Let g be u(-6). Let f = -54 + 92. Suppose f = 6*z - g*z. Is z a prime number?
True
Let i(v) = v**3 - 4*v**2 + 5. Let c be i(4). Suppose 3 = n + 4*t, n - t = -3*t + c. Is n prime?
True
Suppose 0 = -5*d - 12 - 8, 39 = i - 2*d. Is i prime?
True
Suppose c - 25 = -0*c - 2*j, 38 = 2*c - 2*j. Let p(q) = -64*q - 1. Let u be p(1). Is 2/(-3 - u/c) a prime number?
False
Let k(m) = 11*m - 1. Let j be k(-1). Let a be j - (-2 - -3)*-1. Let g = 62 + a. Is g prime?
False
Is 4/(-2) - (-1011)/3 prime?
False
Let b(f) = -f**2 + f + 2393. Is b(0) prime?
True
Let x(z) = z**3 + 6*z**2 + 3*z - 1. Let r be x(-6). Let m = 2 - r. Is m prime?
False
Suppose 24 + 15 = 3*x. Suppose 0 = 8*r - x*r + 3395. Is r composite?
True
Let k = -7 + 7. Suppose k = -3*o + o + 148. Is (-1 - -1) + 5 + o a prime number?
True
Suppose 0 = 5*s - s. Suppose 3*k - 209 - 67 = s. Suppose -4*z = -0*z - k. Is z composite?
False
Let h(w) = 63*w**2 + 2*w + 1. Is h(2) prime?
True
Suppose -3*j - 637 = -2*m, -1587 = m - 6*m + 2*j. Is m a composite number?
False
Let f(m) = -m**2 + m - 1. Let r(l) = -5*l**2 - 3*l - 2. Let d(q) = 6*f(q) - r(q). Is d(7) a composite number?
True
Suppose -5*f = -3*f - 4, -3*b = -4*f + 590. Let a = -65 - b. Let k = -83 + a. Is k composite?
True
Let s = -3 - -4. Let g be 2/2 + s + -21. Let c = 38 + g. Is c prime?
True
Suppose -2*v - 8 = -4*v. Suppose -5*w + 157 = -v*w. Is w composite?
False
Let v = 10 - 4. Suppose -q + v = q. Is q a composite number?
False
Suppose 0 = -4*u - c + 2, 0 = 4*u - u - 5*c + 10. Suppose -3*m + 8 = 3*a - 25, -4*a + 3*m + 44 = u. Suppose -2*j +